001101000101010 (base 2) in base 7?
13235161
What is 14451999 (base 10) in base 16?
dc851f
34398 (base 12) to base 16
11024
What is 1311044 (base 5) in base 14?
9570
Convert 8841878 (base 9) to base 14.
8b98cc
-111411044 (base 5) to base 6
-14355533
What is c703a (base 13) in base 16?
57710
What is -2126427 (base 9) in base 14?
-219528
Convert -b5137 (base 13) to base 12.
-138363
120212300 (base 4) to base 16
189b0
Convert -43663 (base 11) to base 15.
-13b87
What is 3053102 (base 9) in base 12?
666b32
Convert 9cd77 (base 14) to base 5.
44200300
What is 31896 (base 13) in base 7?
521340
-1285 (base 14) to base 16
-cb5
Convert 1771608 (base 10) to base 11.
1000043
Convert -7700600 (base 8) to base 14.
-3ba676
-100212000 (base 4) to base 7
-402105
What is 2102446 (base 7) in base 16?
3dc5d
Convert -1a21aa (base 11) to base 12.
-12b738
-10321132320 (base 4) to base 6
-43304320
What is -223122113 (base 4) in base 12?
-86a9b
8186a4 (base 11) to base 6
44101453
Convert -1225fd7 (base 16) to base 6.
-1515513423
What is -100011001111110000001100 (base 2) in base 14?
-132728c
What is 445020 (base 6) in base 10?
37380
Convert -22252445 (base 6) to base 2.
-10100100111111101101
202111110011 (base 3) to base 14
a706d
What is -12001100202 (base 3) in base 2?
-11000010001001111
What is 258aa6 (base 15) in base 11?
1020369
58967 (base 12) to base 3
20001001221
Convert 36567 (base 11) to base 12.
26523
What is 2550a7 (base 12) in base 3?
1010222220201
-1668664 (base 15) to base 7
-255240562
Convert 2022002 (base 4) to base 13.
4037
What is -223410140 (base 5) in base 8?
-3634251
Convert -74372 (base 8) to base 16.
-78fa
What is 148141 (base 9) in base 15?
1c07d
Convert 20262 (base 15) to base 12.
4aaa8
What is 43358 (base 16) in base 7?
2224406
Convert 4d4795 (base 14) to base 6.
133025315
Convert 186955 (base 10) to base 7.
1406026
What is 212132320 (base 4) in base 8?
463670
Convert 161b63 (base 14) to base 6.
24324043
-110000100110011011010 (base 2) to base 15
-216ce3
54532334 (base 6) to base 8
6156702
-41c92 (base 14) to base 2
-100110110010101000
Convert -14ccb00 (base 14) to base 12.
-34a94b8
38471 (base 14) to base 8
415543
Convert -121735 (base 8) to base 2.
-1010001111011101
What is 301113 (base 7) in base 16?
c687
-31323203003 (base 4) to base 2
-1101111011100011000011
What is -423442 (base 5) in base 9?
-21480
What is -207865 (base 9) in base 8?
-362004
492855 (base 11) to base 5
144422123
-54235521 (base 6) to base 15
-21b247
What is 23815 (base 9) in base 8?
37143
Convert -100001111000101110001 (base 2) to base 5.
-241013020
-17c6c7 (base 13) to base 11
-379949
What is 12210021202 (base 4) in base 10?
1720930
-56487 (base 13) to base 14
-411c2
-aedd9 (base 15) to base 12
-22a159
-83566 (base 14) to base 16
-4d4d6
Convert -4624 (base 8) to base 11.
-192a
-1011111110000010100111 (base 2) to base 7
-35445552
Convert -23513542 (base 6) to base 12.
-2b88b2
What is -22691 (base 13) in base 16?
-f4b8
Convert 12110000212 (base 3) to base 9.
173025
-1b600ab (base 12) to base 15
-7a79a8
361eee (base 15) to base 11
1508965
1050054 (base 6) to base 14
1553c
Convert 15a9620 (base 11) to base 14.
5130d3
Convert c93cd (base 14) to base 3.
220201021221
110000011001011100101110 (base 2) to base 5
11221442100
Convert -31131044 (base 5) to base 13.
-8c19b
2163264 (base 7) to base 6
5423140
Convert 5242244 (base 8) to base 11.
872227
49389 (base 10) to base 15
e979
Convert -41321115 (base 8) to base 5.
-4220222322
Convert 4d667 (base 14) to base 5.
22044403
Convert -80a789 (base 11) to base 8.
-4760206
-220220120 (base 4) to base 3
-22110021212
What is -140014 (base 14) in base 11?
-4325a2
What is -1132020013 (base 4) in base 16?
-5e207
What is -1055240 (base 7) in base 8?
-400647
Convert 14222331 (base 5) to base 13.
52766
Convert -79308 (base 15) to base 13.
-106589
Convert 648331 (base 10) to base 15.
cc171
4481b (base 14) to base 8
504531
7704407 (base 9) to base 13
b1ab4c
-1010010001001110100 (base 2) to base 9
-562528
Convert -14980 (base 14) to base 15.
-102cd
Convert -13102332200 (base 4) to base 14.
-37b0c0
Convert 1932b3 (base 13) to base 4.
2123020121
-100000011011101001110 (base 2) to base 15
-15ed3e
-1544035 (base 6) to base 9
-148585
What is -1aba2 (base 12) in base 10?
-39722
What is -28518 (base 14) in base 5?
-11143121
What is -10011011000111011 (base 2) in base 14?
-20d2b
121220120110 (base 3) to base 16
51429
Convert 11012102102 (base 3) to base 5.
10121220
84c0 (base 16) to base 11
23595
-17371211 (base 8) to base 14
-779729
11152304 (base 6) to base 9
570264
-392676 (base 11) to base 6
-21130533
1303133301 (base 4) to base 7
4010136
4505466 (base 8) to base 7
13221052
What is 2b355c (base 14) in base 13?
40a22c
1e5e05 (base 15) to base 6
51521335
66668 (base 10) to base 15
14b48
-48da5 (base 14) to base 16
-2b885
What is b28341 (base 14) in base 15?
7dc57d
214635 (base 7) to base 4
21031023
478556 (base 10) to base 6
14131312
Convert 75ffe8 (base 16) to base 3.
112112212222201
What is abb236 (base 12) in base 6?
134345310
120111202202120 (base 3) to base 7
130026663
Convert 3301102 (base 4) to base 9.
23157
What is 38420 (base 15) in base 4?
223321131
What is -1ba487 (base 12) in base 2?
-1111000110100100111
-1515909 (base 12) to base 13
-b624ca
Convert -121202212211 (base 3) to base 14.
-88463
What is 1a39ca (base 13) in base 2?
10100010011001011101
a250a (base 11) to base 16
248b7
-11030002220 (base 4) to base 6
-45052252
4060484 (base 10) to base 9
7567838
What is 1340043032 (base 5) in base 15?
47e597
10101002012 (base 3) to base 14
1a2aa
Convert -1514171 (base 8) to base 6.
-13133053
-21331113 (base 8) to base 9
-8531541
Convert -276091 (base 14) to base 6.
-45101343
-10b7a9c (base 13) to base 7
-61562264
Convert 1b78493 (base 12) to base 10.
5882799
What is 305885 (base 9) in base 6?
3520205
230533430 (base 6) to base 14
7c6202
Convert -1001311230 (base 5) to base 13.
-543992
Convert 160795 (base 12) to base 5.
43434434
-85a09 (base 13) to base 11
-155218
What is -50ae4 (base 15) in base 2?
-111110011001100101
Convert 200201121200100 (base 3) to base 4.
211331231022
-2344110011 (base 5) to base 6
-312543201
What is 1ed96 (base 15) in base 14?
28b01
What is -1998971 (base 10) in base 12?
-80498b
-14022004 (base 6) to base 7
-3664030
What is 5525343 (base 6) in base 7?
2226366
What is 100100010001001010 (base 2) in base 16?
2444a
195132 (base 13) to base 15
c975c
What is -1100100000110010101000 (base 2) in base 12?
-1122208
Convert -4143115 (base 6) to base 12.
-97a9b
15431450 (base 7) to base 3
2210112111102
Convert -241c86 (base 14) to base 3.
-2022201110012
Convert 430cc (base 14) to base 6.
3250204
-1000001000000000 (base 2) to base 8
-101000
What is -1359483 (base 10) in base 7?
-14361336
-1438513 (base 9) to base 13
-21a28a
-10100110000001100 (base 2) to base 3
-11022121022
Convert -164355 (base 8) to base 7.
-335563
What is -2130144102 (base 5) in base 4?
-101103300322
What is 1334652 (base 7) in base 5?
21130401
What is 100001010001011001 (base 2) in base 10?
136281
-42200310 (base 5) to base 4
-1111132000
What is 521043 (base 11) in base 6?
25525551
Convert -630321 (base 7) to base 9.
-174380
-459bf (base 16) to base 10
-285119
Convert -2394139 (base 12) to base 4.
-122113202331
What is -12314123 (base 7) in base 5?
-241104401
Convert -43341 (base 5) to base 10.
-2971
What is -11011110000101101 (base 2) in base 13?
-3c9ab
What is 4657a4 (base 12) in base 8?
4236054
-7ac338 (base 15) to base 14
-ac89b1
What is -380a (base 16) in base 14?
-532a
-2d4ecc (base 15) to base 13
-5ba676
What is -3414445 (base 7) in base 11?
-26a766
Convert -eb23a (base 16) to base 8.
-3531072
-347560 (base 10) to base 7
-2645203
What is -2020110212200 (base 3) in base 16?
-1229df
Convert -476812 (base 11) to base 3.
-1102101120100
-20131201001 (base 4) to base 5
-1031434144
-5971a2 (base 11) to base 14
-1a8d66
27bdd (base 14) to base 16
18057
Convert 7d8cca (base 15) to base 12.
20163b4
223150 (base 6) to base 10
18858
Convert 425c5 (base 16) to base 4.
1002113011
Convert -224553352 (base 6) to base 7.
-50201411
What is -21303030011 (base 4) in base 11?
-14a5113
Convert -22a439 (base 16) to base 8.
-10522071
What is 41b44 (base 16) in base 9?
450146
Co